64
In base 13, what is 878 - -12?
88a
In base 4, what is 12 - 1223?
-1211
In base 15, what is 3 + 1610?
1613
In base 9, what is 416 - -8?
425
In base 7, what is -1455 - 4?
-1462
In base 16, what is 6a + -a0?
-36
In base 13, what is 3 - 129?
-126
In base 4, what is 21 - 20?
1
In base 14, what is a + -587?
-57b
In base 2, what is 0 - 100101111?
-100101111
In base 6, what is 2052 + -2?
2050
In base 13, what is 0 - 11c?
-11c
In base 16, what is -c3 - 3?
-c6
In base 2, what is -1 - 1110001?
-1110010
In base 15, what is 9ae + 2?
9b1
In base 5, what is -10433 + 12?
-10421
In base 11, what is 3 + 28?
30
In base 8, what is 4254 - -2?
4256
In base 6, what is -125 - -10?
-115
In base 13, what is 1 + -50?
-4c
In base 12, what is -38 - 2?
-3a
In base 10, what is -4 - -43?
39
In base 4, what is -2302 + 33?
-2203
In base 12, what is -260 + -2?
-262
In base 15, what is 1 + -4?
-3
In base 2, what is 11 + -1001111?
-1001100
In base 11, what is 20 + -5?
16
In base 6, what is -354 - 1?
-355
In base 13, what is -16 - 8?
-21
In base 4, what is -13 + 13033?
13020
In base 8, what is -6162 - 4?
-6166
In base 7, what is -4 - -1232?
1225
In base 6, what is -1414 - 4?
-1422
In base 4, what is -2202 + 2?
-2200
In base 9, what is 0 + -71?
-71
In base 12, what is b4 + -1?
b3
In base 12, what is -15b + 3?
-158
In base 8, what is -3 - 22?
-25
In base 11, what is -10 - -4?
-7
In base 12, what is 907 + 3?
90a
In base 4, what is 13121 + 11?
13132
In base 10, what is -13 - -63?
50
In base 9, what is 5 - -2466?
2472
In base 7, what is 33 - -1015?
1051
In base 10, what is -57 + 38?
-19
In base 8, what is 2134 - 3?
2131
In base 3, what is -2 - 1112?
-1121
In base 9, what is 7 + 2027?
2035
In base 11, what is -586 + 4?
-582
In base 16, what is -1c - -b9?
9d
In base 2, what is 10010 + -110111111?
-110101101
In base 11, what is 35 - 12?
23
In base 13, what is -29 + -4?
-30
In base 3, what is 21201 - 11?
21120
In base 10, what is 3 + -303?
-300
In base 14, what is 1 - -70?
71
In base 11, what is 7 + 170?
177
In base 6, what is 0 + 4150?
4150
In base 13, what is 0 + 4cc?
4cc
In base 15, what is 1 + -e1?
-e0
In base 7, what is -143 + -120?
-263
In base 12, what is -7b6 + 5?
-7b1
In base 5, what is -24 + 40?
11
In base 3, what is 2 - 201001?
-200222
In base 13, what is -1 - -16c?
16b
In base 2, what is 1 + -111101110111?
-111101110110
In base 15, what is -2 + 39?
37
In base 9, what is 41 - -25?
66
In base 13, what is -2 + -260?
-262
In base 3, what is 210 - -221001?
221211
In base 2, what is -100001 - 10?
-100011
In base 4, what is -200 + -131?
-331
In base 8, what is 40 + 4?
44
In base 12, what is 539a + 0?
539a
In base 5, what is -3 + 31244?
31241
In base 3, what is -1002112 - -1022?
-1001020
In base 12, what is -27 - 8?
-33
In base 4, what is -3 + -2010?
-2013
In base 12, what is -2 + -398?
-39a
In base 14, what is 3b + -2a9?
-26c
In base 9, what is 685 - 12?
673
In base 9, what is 23 + 421?
444
In base 5, what is 1022 + 2?
1024
In base 8, what is 250 + 5?
255
In base 3, what is 2000221 + -20?
2000201
In base 12, what is 27 + 5b?
86
In base 8, what is -1006 + 1?
-1005
In base 13, what is -29 - -25?
-4
In base 3, what is -2 + -102001?
-102010
In base 9, what is -1 + -212?
-213
In base 12, what is -1 + -a6?
-a7
In base 13, what is 0 + -165?
-165
In base 15, what is -2a - -1d?
-c
In base 5, what is 4 - 3422?
-3413
In base 2, what is 10011 - -10000?
100011
In base 11, what is -945 + 1?
-944
In base 3, what is -201100 - 10?
-201110
In base 15, what is -13d + 4?
-139
In base 3, what is -201101 - 12?
-201120
In base 7, what is 14 - 26?
-12
In base 11, what is -8 - -2?
-6
In base 7, what is -1 - 1140?
-1141
In base 12, what is -209 - 0?
-209
In base 7, what is -5 + -202?
-210
In base 11, what is 53 - 2a?
24
In base 3, what is 2010221 - -21?
2011012
In base 2, what is 100 + -10000011000?
-10000010100
In base 2, what is 1110001 + 101?
1110110
In base 5, what is -3403 - 1?
-3404
In base 5, what is -30 - -24003?
23423
In base 2, what is 110 + -100101?
-11111
In base 13, what is 105 + 2?
107
In base 2, what is -101101001 + -1?
-101101010
In base 4, what is 0 - 310?
-310
In base 15, what is 5 + -19?
-14
In base 8, what is -13 + 7?
-4
In base 9, what is 1 - 445?
-444
In base 10, what is 55 - 19?
36
In base 5, what is -3 - 1020?
-1023
In base 16, what is 1 + 167?
168
In base 11, what is -265 + -1?
-266
In base 16, what is 4 + 2fa?
2fe
In base 10, what is 8 - 12?
-4
In base 15, what is 6 - 46?
-40
In base 16, what is -1 + -1b3?
-1b4
In base 6, what is -1045 - 0?
-1045
In base 8, what is 47 + -6?
41
In base 6, what is -4 - -404?
400
In base 10, what is 0 - 56?
-56
In base 11, what is -323 - -5?
-319
In base 3, what is -2 + -212222?
-220001
In base 13, what is -5 + -649?
-651
In base 5, what is 40 - -33?
123
In base 13, what is -92 - 3?
-95
In base 13, what is 0 + -2a0?
-2a0
In base 2, what is -11100010 - -10?
-11100000
In base 11, what is -89 - 5?
-93
In base 16, what is b + -44?
-39
In base 12, what is b - 6?
5
In base 10, what is -113 + 0?
-113
In base 14, what is b - -44?
51
In base 2, what is 100 + 10110100000?
10110100100
In base 13, what is -ab - -19?
-92
In base 10, what is 6 - -116?
122
In base 4, what is -1213002 + -2?
-1213010
In base 11, what is 15 - -32?
47
In base 12, what is 10 - -101?
111
In base 8, what is 4 + 1054?
1060
In base 6, what is 1142 - -2?
1144
In base 10, what is -62 - 94?
-156
In base 8, what is 112 - 11?
101
In base 6, what is 0 - -112?
112
In base 7, what is 10 + -5613?
-5603
In base 5, what is -12 - -4133?
4121
In base 12, what is -3 + 2b65?
2b62
In base 9, what is -4 - 2378?
-2383
In base 2, what is -10000101 + -1?
-10000110
In base 2, what is 10100 - -10?
10110
In base 16, what is -a4 - -21?
-83
In base 2, what is 1 + 1010011?
1010100
In base 2, what is -1 + -101111001000?
-101111001001
In base 16, what is -3 - -72?
6f
In base 4, what is -3 + 10113?
10110
In base 11, what is 3 + 301?
304
In base 14, what is -276 + -5?
-27b
In base 10, what is -22 - -40?
18
In base 4, what is 12 + 113?
131
In base 13, what is -4 - -11?
a
In base 11, what is 9 - 3?
6
In base 2, what is 110001001111 + 11?
110001010010
In base 11, what is 68 - 0?
68
In base 3, what is 1000 - -12020?
20020
In base 11, what is 5 + -159?
-154
In base 8, what is -41 + 0?
-41
In base 15, what is be - 3?
bb
In base 4, what is -11 - -1102?
1031
In base 8, what is -5247 - 2?
-5251
In base 11, what is -1533 + 1?
-1532
In base 6, what is -1 + -15015?
-15020
In base 12, what is -3 + 190?
189
In base 7, what is -111 + -251?
-362
In base 10, what is -7 + 19?
12
In base 4, what is -21133 + 0?
-21133
In base 5, what is 23 + 42?
120
In base 15, what is -11 + -6?
-17
In base 13, what is -4 + -1378?
-137c
In base 11, what is -432 + -10?
-442
In base 8, what is -3 - 7?
-12
In base 7, what is -1604 - 1?
-1605
In base 4, what is 11 + 103?
120
In base 9, what is -4635 + 10?
-4625
In base 10, what is -9194 - -4?
-9190
In base 10, what is 1907 - -4?
1911
In base 8, what is 5 - 112?
-105
In base 16, what is -5 - -621?
61c
In base 3, what is -10 - -10220?
10210
In base 16, what is eb + -7?
e4
In base 12, what is 344 - -3?
347
In base 16, what is 15d2 + -5?
15cd
In base 4, what is 11 - 13?
-2
In base 7, what is 2 - -40?
42
In base 11, what is 2 + a7?
a9
In base 6, what is -31 - -5?
-22
In base 11, what is -4 + 757?
753
In base 16, what is 1 - -41c?
41d
In base 8, what is 167 - 74?
73
In base 7, what is -104 + 1?
-103
In base 6, what is -1410 + 5?
-1401
In base 9, what is -10854 - 2?
-10856
In base 12, what is 5 - -2?
7
In base 6, what is 5 - -550?
555
In base 14, what is -4 - 311?
-315
In base 13, what is -1c + c?
-10
In base 10, what is 155 + 0?
155
In base 9, what is -2 - 4786?
-4788
In base 8, what is 5 - 631?
-624
In base 8, what is -3 + -1501?
-1504
In base 10, what is -205 - -1?
-204
In base 16, what is 0 + -9c?
-9c
In base 2, what is 110011 - 11?
110000
In base 10, what is -6 + 845?
839
In base 15, what is 2 + 343?
345
In base 2, what is 100000010 - -1100?
100001110
In base 4, what is -2 + 2130?
2122
In base 15, what is -8 + b?
3
In base 15, what is -31a + -5?
-320
In base 4, what is 120211 - -3?
120220
In base 5, what is -4044 + 1?
-4043
In base 3, what is -1200 - 112?
-2012
In base 10, what is 621 + -5?
616
In base 10, w